- 1290 = -5*q. Calculate the remainder when q is divided by 254.
0
Suppose -2*g = -4*a - 6*g + 4360, -5*a + 2*g + 5422 = 0. What is the remainder when a is divided by 68?
66
Suppose 5 = g - 6*g, -31 = -3*i + g. Suppose 0 = -0*j - j - 4*n + 1, 2*j - i = -4*n. Calculate the remainder when 12 is divided by j.
3
Let r = 133 - 130. Calculate the remainder when 6 is divided by r.
0
What is the remainder when 426 is divided by (-1884)/(-30) - (-4)/20?
48
Let p = -3 - -12. Suppose -o + p*o = 192. What is the remainder when o is divided by 14?
10
Suppose -4*r = -2*i - 119 - 1347, 2*r + 3*i - 713 = 0. Calculate the remainder when r is divided by 122.
120
Let h(c) = -15*c - 7. Let z be -5 + -3 + 2 + 3. Suppose -2 = 4*k - 54. What is the remainder when h(z) is divided by k?
12
Suppose -2*q + 5*l + 8 + 42 = 0, -2*q = 5*l - 70. Suppose 5*y + q = 5. Let a = 24 + y. What is the remainder when a is divided by 10?
9
Let i be 6/8 - (-93)/4. Suppose -3*v = k, v = 5*k + 2*v. Suppose k = 25*c - i*c - 65. What is the remainder when c is divided by 17?
14
Suppose 4*p - 56 = 3*g, 4*g + 6 = p - 21. Let h be (-18)/(-5) - 10/(-25). Suppose 0 = h*w - 199 + 35. What is the remainder when w is divided by p?
8
Suppose y - 3 + 1 = 0. Suppose -3*n + i = -8*n + 1, 0 = 2*n + i + y. Let u(s) = -s + 2. What is the remainder when n is divided by u(1)?
0
Suppose -4*q = 4*d - 476, -q = -4*d - 24 - 105. Let p = 195 - q. Suppose -2 = 2*y - 40. What is the remainder when p is divided by y?
17
Let l(x) = 13*x - 233. Let g = -32 + 83. Calculate the remainder when g is divided by l(19).
9
Let r(o) = -o**3 - 3*o**2 - o + 18. What is the remainder when 125 is divided by r(0)?
17
Let i(l) = -l**3 - l + 14. Calculate the remainder when (-3450)/(-135) + (-4)/(-9) is divided by i(0).
12
Suppose -i + 5*i = 64. Calculate the remainder when 79 is divided by i.
15
Let p = 1660 - 678. Calculate the remainder when p is divided by 8.
6
Let b be 36/21*49/14. Suppose q - 23 = -4*y, -4*y = 2*q - b*q - 8. Suppose -2*k = c - 3*c + 16, -q*c = 5*k. Calculate the remainder when 11 is divided by c.
1
Suppose -15*o + 2700 = -5*o. Calculate the remainder when o is divided by 16.
14
Suppose -3*x + 5*j + 60 = 0, -5*x + 46 = j - 54. Suppose -f = 3*a - a + 4, 4*a = f - x. What is the remainder when 1222/14 + f/(-14) is divided by 22?
21
Let h = -633 + 839. Calculate the remainder when h is divided by 30.
26
Let j(d) = -d**3 + 11*d**2 - 4*d - 4. Calculate the remainder when j(9) is divided by 41.
40
Suppose 4*j = -1 + 9. Suppose -j*h = -1 - 53. What is the remainder when h is divided by 5?
2
Suppose -4*w + 6 + 10 = 0. Let q be (36/(-10))/(20/(-50)). Let s = q + w. What is the remainder when 37 is divided by s?
11
Let i = 27 + -24. Let d(t) = -6*t - 5*t**2 + 12 - t**i - 29 + 17. Calculate the remainder when d(-4) is divided by 3.
2
Suppose 9 - 49 = -4*l. What is the remainder when 1100/30 + (-4)/6 is divided by l?
6
Let v = 177 + 109. What is the remainder when v is divided by 33?
22
Let n(k) = -k**3 - 3*k**2 + 6*k + 2. Let y(g) = -11*g - 57. What is the remainder when y(-17) is divided by n(-5)?
20
Let d = 15 + -7. Suppose 0 = -28*y + 31*y - 18. Let a = d + y. Calculate the remainder when 27 is divided by a.
13
Calculate the remainder when 0 - 404/(-12)*3 is divided by 30.
11
Suppose -4*i - 332 = -4*k, -83 = -7*k + 6*k + 5*i. Calculate the remainder when k is divided by 34.
15
Suppose -4*t - 511 + 1419 = 0. What is the remainder when t is divided by 38?
37
Let k(d) = 12*d - 132. Calculate the remainder when 587 is divided by k(18).
83
Suppose 2*y = 16*y - 574. What is the remainder when 77 is divided by y?
36
Suppose -4*r = 7*z - 2*z - 54, -24 = -2*r - 4*z. Suppose x + x - r = 0. Calculate the remainder when 18 - 0 - 6 - (-1 + -1) is divided by x.
6
Let u(x) = -x**2 - 21*x - 23. Let q = -102 + 83. Calculate the remainder when 40 is divided by u(q).
10
Let n(s) be the first derivative of -s**4/2 + 2*s**3/3 + s**2/2 + s - 9. Calculate the remainder when 42 is divided by n(-2).
19
Let b = -788 + 1132. What is the remainder when b is divided by 89?
77
Suppose 2*y + 8*v - 11*v = -109, -y - 5*v = 22. Let k = 82 + y. Calculate the remainder when 69 is divided by k.
34
Let y(z) = -z + 37. Let q be y(-17). Suppose 2*o - q = 3*t - 5*t, -4*t - 2*o = -98. What is the remainder when t is divided by 8?
6
Let q = 13 - 7. Suppose -168 - 87 = -15*s. Calculate the remainder when s is divided by q.
5
Let u = 65 + -58. Let h(m) = -m**3 + 8*m**2 + 10. What is the remainder when h(u) is divided by 15?
14
Let m = 7 + 5. Let j = m + -8. What is the remainder when 1/3 - 82/(-6) is divided by j?
2
Let y(a) = -15*a. Suppose 0 = -127*u + 400 - 385 + 874. What is the remainder when y(-1) is divided by u?
1
Let d(c) = 5*c**2 - 2*c - 1. Let k be d(2). Let i = -41 + 38. Let z = i + k. What is the remainder when 35 is divided by z?
11
Suppose -6*p + 4*p = 12. Calculate the remainder when 138 is divided by (-5 + -100)*2/p.
33
Suppose -2*a + 660 = 3*a. Let s = a - 71. Calculate the remainder when s is divided by 29 - (27/(-3) + (8 - 2)).
29
Let j = 6 - 3. Suppose 2*t = -4*y + 4, -4*t - 3*y - 4 = -7. Suppose t = 5*z - 14 - 6. What is the remainder when z is divided by j?
1
Let i = 7 + -8. What is the remainder when (161/14)/(i/(-2)) is divided by 18/(-4)*24/(-18)?
5
Let b = -132 - -196. Let k = b - 52. What is the remainder when k is divided by 8?
4
Let o(m) = -m**3 + 11*m**2 - 11*m - 19. Let h be o(9). Suppose 3*n - 4*n + 5*b + 35 = 0, 4*b = -4*n + h. Calculate the remainder when n is divided by 4.
3
Suppose 5*v + 2*c - 17 = 83, 31 = 2*v - c. Suppose 2*x - 2 = -5*i + 1, -2*i + v = 5*x. What is the remainder when 21 is divided by x?
1
Suppose 33*x = 4*s + 29*x - 652, 4*s - 649 = 3*x. Calculate the remainder when s is divided by 34.
24
Suppose 5*g = 16*k - 15*k - 139, 2*k + 3*g = 343. Calculate the remainder when k is divided by 19.
12
Suppose -c - c + 28 = 0. Let n(t) = t**3 - 15*t**2 + 22*t - 37. Let j be n(13). Let g = -81 - j. What is the remainder when c is divided by g?
6
Suppose -4*o - 51 = -5*z, 2*z + 2*o + 20 = 4*z. Suppose 120 = h + z*h. Calculate the remainder when 29 is divided by h.
9
Let s(y) be the second derivative of y**4/6 - y**3/6 + 3*y**2 + 18*y. What is the remainder when 45 is divided by s(0)?
3
Let m(p) = 2*p**2. Let r be (-4)/32 + (-25)/(-8). Suppose -c - 7*n + 2*n + 28 = 0, 5*n = -r*c + 54. Calculate the remainder when m(5) is divided by c.
11
Let i(x) = 16*x**3 + 4*x**2 - 2*x - 2. Let h = 84 + -82. What is the remainder when i(h) is divided by 36?
30
Suppose -5*m + 4*f - 374 = -2*m, 3*m + 364 = -f. Let h = -59 - m. What is the remainder when h is divided by 22?
19
Suppose -4*i - 5*f + 0*f = 55, 5*i = -5*f - 65. Calculate the remainder when (-57)/9*(i - -1) is divided by 15.
12
Let g(j) = 3*j**2 - 3*j + 2. Let h be g(1). Suppose 0 = h*x - 21 - 17. Calculate the remainder when x is divided by 11.
8
Let f(m) = -m**2 + 1. Let z be f(2). Let p(d) = 33*d**2 - d + 1. Calculate the remainder when p(1) is divided by z + -3 + 26 + 2/(-1).
15
Let z be (-10)/(-4) + (-5)/(-10). Suppose -3*r = -15, 0 = -z*c - 3*r + 2*r + 14. Suppose 8*p = c*p + 40. Calculate the remainder when 21 is divided by p.
5
Let l be 3/(-1 + 2) + (-24)/(-4). Calculate the remainder when 131 is divided by 10/45 + (322/l - 2).
29
Let l(b) = 3*b + 7. Let a(i) = 8*i**3 - 9*i**2 - 2*i + 6. What is the remainder when a(3) is divided by l(9)?
33
Let s = -1530 + 1541. Calculate the remainder when s is divided by (-31)/(-4) - (-1)/4.
3
Suppose 758 = 30*o + 158. Calculate the remainder when 118 is divided by o.
18
Let s(j) = j**3 - 14*j**2 - 31*j + 15. What is the remainder when 243 is divided by s(16)?
26
Suppose 3*x - 5*o = 127, -2*x - 5*o - 166 = -6*x. Suppose 3*g - 18 = -3*d, -3*d + 2*d - 2 = 5*g. Calculate the remainder when x is divided by d.
7
Let w be (-3 - (-1 - 0))*1. Let g = 9 + w. Let r(p) = p + 3. Calculate the remainder when 18 is divided by r(g).
8
Calculate the remainder when ((-3)/(-5 - 4))/((-1)/(-132)) is divided by 9.
8
Let c(u) = u**3 - 5*u**2 + 21*u - 97. What is the remainder when 223 is divided by c(5)?
7
Let u(i) = -186*i**2 + 3 + 5*i + 190*i**2 + 4. Calculate the remainder when 35 is divided by u(-2).
9
What is the remainder when 83 is divided by (